x. What are the prime factors of q(-9)?
2, 5
Suppose 264 = 27*u - 21*u. What are the prime factors of u?
2, 11
Let q = -12 + 26. Suppose 5*v - 24 = k, 1 = v + 3*k + 9. Suppose -2*s + 14 = 3*s - j, s + v*j = -q. List the prime factors of s.
2
Let s be (0 + -1)*(-2 - 9). Suppose f - s - 7 = 0. List the prime factors of f.
2, 3
Let k(l) = 5*l**2 - 2*l - 1. Let b(p) = 0*p**3 - 2 + p**3 + 4*p**2 - p**2 + 0. Let u be b(-2). List the prime factors of k(u).
3, 5
Suppose -4*i + 92 = -4*n, -2*n - 3 = -3*i + 61. Let s = i - 8. What are the prime factors of s?
2, 5
Let g(x) be the first derivative of -3*x**2/2 - 12*x + 2. List the prime factors of g(-9).
3, 5
Let z(d) = -3*d - 3. Let p be z(-2). Suppose -p*j + 17 + 10 = 0. What are the prime factors of j?
3
Let t be (-3)/(1/2 + 1). What are the prime factors of t - (-30)/((-3)/(-1))?
2
Suppose w + 2*w + 2*d = 84, -5*d = -5*w + 140. What are the prime factors of w?
2, 7
Suppose g + 2 = 5. Let b(t) = -t**g + 2 + 2*t - 4 + 0*t**3. What are the prime factors of b(-3)?
19
List the prime factors of -1*367/(-3) - (-8)/12.
3, 41
Let t(i) = -i**2 - 2*i + 1. Let x be t(1). Let r be 15/9 - x/(-3). List the prime factors of (r - -1)/(6/39).
13
Suppose -3*g - 10 = -5*g. Suppose -14 = -g*d + 26. What are the prime factors of (d/(-3))/((-2)/6)?
2
Let o(d) be the second derivative of d**5/5 - d**4/6 + d**3/6 + 2*d. Let q be o(1). Suppose -z - q*z + 16 = 0. List the prime factors of z.
2
Suppose s + 2*s - 36 = 0. Let q be 12/8 + (-38)/4. What are the prime factors of -3*2/q*s?
3
Suppose 5 = p - 15. List the prime factors of p.
2, 5
Let a = 98 + -30. What are the prime factors of a?
2, 17
Let z(l) = -l + 7. Suppose -q = -3*q. Let m be q - (-2 + -1 + 3). List the prime factors of z(m).
7
Let p(c) = 5*c**3 - 4*c**2 + 2*c + 1. What are the prime factors of p(2)?
29
Let o(u) be the first derivative of u**2/2 + 3*u - 6. Suppose -2*p + 5*s - 5 = 0, -s - 3*s + 4 = -2*p. List the prime factors of o(p).
3
Suppose 3*c - 46 - 14 = 0. List the prime factors of c.
2, 5
Let h be (3/(-1))/(-3)*0. Let j = h + 24. Let b = -15 + j. List the prime factors of b.
3
Suppose -9 = -3*g - 0*g. Suppose 0 = z + z - 4*v - 4, 0 = g*v - 9. What are the prime factors of z?
2
Suppose -1 - 4 = 5*u. Let h be (6/u)/((-6)/33). Suppose -2*a - a + h = 0. What are the prime factors of a?
11
Suppose -276 + 831 = 5*z. What are the prime factors of z?
3, 37
Let v(z) = -z**3 + 3*z + 3. What are the prime factors of v(-2)?
5
Let w(k) = -k - 8. Let u(y) = -10*y**2. Let f be u(1). Let z be w(f). Suppose 3*v + 25 = b, 2*b - z*v = 3*b. List the prime factors of b.
2, 5
Let k be 34/10 - (-10)/(-25). Suppose -h + 33 = 2*g - 7*g, 0 = 5*h + k*g - 109. List the prime factors of h.
23
Let w = 2 + 0. Let s(j) = 0*j + 7 + j - w*j**2 + j**2. What are the prime factors of s(0)?
7
Let b(d) = -d**3 - 6*d**2 - 4. Let l be b(-6). Let v = 1 - l. List the prime factors of v.
5
Let w = 8 - 6. Suppose -3*k = -w*k - 28. Suppose -6 - k = -2*s. List the prime factors of s.
17
Let g(v) = 4*v**2 + 7*v + 1. Let u be g(-5). Let k = u + -121. Let n = -33 - k. What are the prime factors of n?
2, 11
Let s(j) = 2*j**2 - j**2 - 3*j**3 + 15*j**3. What are the prime factors of s(1)?
13
Suppose -2*d + 3*i - 15 = 2*d, -5*i + 25 = 0. Let m(l) = -l**3 - l**2 + 1. Let q be m(d). Suppose q = -2*f + 5. List the prime factors of f.
2
Let z(b) = 34*b - 43. What are the prime factors of z(6)?
7, 23
Suppose 0 = 5*j + 3 + 27. Let w be (-8)/j*15/(-5). Let r = -1 - w. List the prime factors of r.
3
List the prime factors of ((-188)/(-8))/((-2)/(-4)).
47
Suppose 43 = 2*m - 177. List the prime factors of m.
2, 5, 11
Let z = 202 + -92. List the prime factors of z.
2, 5, 11
Let q(f) = -f**2 + 6*f - 1. Let x be q(6). Let o(a) = -3 - 3*a - 2*a + 4. List the prime factors of o(x).
2, 3
Suppose 0 = -3*i - 2*i - 25. Let w be 8/((-3)/((-9)/2)). Let o = w + i. List the prime factors of o.
7
Let c be (4/6)/((-2)/3). Let v be 0*(-2 - c) + 2. Suppose -2 = g - v*g. List the prime factors of g.
2
Let b = -11 - -21. List the prime factors of b.
2, 5
Let k = -4 + 6. Suppose -3*x + 5*g = -57 - 43, k*g + 35 = x. What are the prime factors of x?
5
Suppose -5*c = -30 - 25. Let x = c - -1. List the prime factors of x.
2, 3
Let w = -2 - -5. Suppose -i + 1 = -w*p, -2*p = -3*i + 6 - 3. List the prime factors of (0 + 0 - i)*-11.
11
Suppose 13*n = 17*n - 764. What are the prime factors of n?
191
Suppose 0*l - l + 3 = 0. Let t = l - -28. What are the prime factors of t?
31
Suppose -5*t + 28 + 37 = -h, 116 = -2*h - 4*t. Let p = 117 + h. What are the prime factors of p?
3, 19
Suppose 2*l - l + 15 = 5*n, -2*l = -n + 12. Let r be n + (-1)/(2/4). Suppose -t + 12 = -r*t. What are the prime factors of t?
2, 3
Let d = -311 - -457. What are the prime factors of d?
2, 73
Let i(g) = -g + 3. Let b be i(4). Let c = 3 + b. Suppose 1 = -c*k + 9. List the prime factors of k.
2
Let o(j) = 7*j**3 + 7*j**2 - j + 10. Let u(n) = -13*n**3 - 14*n**2 + 2*n - 20. Let d(z) = -11*o(z) - 6*u(z). What are the prime factors of d(-7)?
17
Let h(w) = w**2 - w - 1. Let n be h(3). Suppose 0 = -0*c + c + n*j + 25, -3*c = 2*j + 10. Suppose -4*y + y + 27 = c. What are the prime factors of y?
3
Suppose -2*y + 6 = r, -3*y - 6 = -r + 2*y. Let h be (0 - -3)/(r/18). Suppose -4*t = -5*q + 10 + h, -5*q - 3*t = -12. What are the prime factors of q?
3
Suppose -z + 2 = -3. Let c = 6 + -8. Let b = z + c. What are the prime factors of b?
3
Let p = 97 - 50. List the prime factors of p.
47
Let r = 97 + -49. List the prime factors of r.
2, 3
What are the prime factors of 7*(-5 - (-415)/35)?
2, 3
Let l(y) = -y. Let k be l(1). What are the prime factors of k/(-2)*2*2?
2
Let u(p) = p**3 - 10*p**2 - 10*p - 2. List the prime factors of u(12).
2, 83
Let x(i) = -42*i**3 + 6*i**2 + 8*i + 3. What are the prime factors of x(-2)?
347
Suppose u = -m + 4, -m + 5*u - 20 = -3*m. Suppose 2*b = -m*b + 40. What are the prime factors of b?
2, 5
Let a = 16 + -13. Suppose 0 = -4*p - 3*b + 68, -a*p + 51 = -8*b + 3*b. List the prime factors of p.
17
Let w(h) = -32 + 3*h - 36 + 52. What are the prime factors of w(11)?
17
Let i = -1 - -3. Suppose 2*b + 33 = -4*g - 1, i*g - 34 = 2*b. Let u = b + 29. What are the prime factors of u?
2, 3
What are the prime factors of (1/1 + 0)*17?
17
Let n(d) = d**3 - 11*d**2 + 9*d + 4. Let s be n(10). Let k(w) = w**2 + 5*w + 6. What are the prime factors of k(s)?
2, 3
What are the prime factors of ((2055/12)/5)/((-1)/(-4))?
137
Let w(s) = -2*s - 2*s + 17 + 3*s. List the prime factors of w(10).
7
Suppose 4*w + 68 = 4*n, -5*n + 5*w + 72 = -n. Suppose 0 = 2*g - 15 - n. What are the prime factors of g?
2, 7
Let q(c) = 2*c**2 - 2 + 3*c + c + 2. List the prime factors of q(-4).
2
Let f(b) = -b. List the prime factors of f(-4).
2
Suppose -14 = -2*m - 2. Let h(q) = q**2 + 16*q - 8. Let g be h(-17). Suppose -m = -w + g. What are the prime factors of w?
3, 5
Let t be (-6)/9*1*-3. Suppose 3 = t*z - 1. Suppose z*h + 2*h - 64 = 0. List the prime factors of h.
2
Let k(g) = -g**3 - 11*g**2 - 13*g - 13. What are the prime factors of k(-10)?
17
Suppose -k - 5 = 7. Let j = k + 15. What are the prime factors of j?
3
Suppose -5*g - 3*g + 256 = 0. List the prime factors of g.
2
Suppose 6*z - 5*z - 2 = 0. Suppose -z - 1 = -v. What are the prime factors of v?
3
Let g = -33 + 79. What are the prime factors of g?
2, 23
Let k be 1 - ((-1 - -2) + -2). Suppose w - k = -0. Suppose w = t + 3, p - 5*t = 17. List the prime factors of p.
2, 3
Let g(i) = -i + 6. Let u = 3 - 3. Let c be g(u). Suppose -c*d = -2*d - 16. What are the prime factors of d?
2
Suppose 2*z = 7 - 1. Suppose z*h = 2*h + 3. Suppose w - 4*t + 10 = h*w, -2*t - 50 = -4*w. List the prime factors of w.
11
Suppose 3*k + 27 = 2*l - l, -3*l + 69 = 3*k. Let u = l + -22. What are the prime factors of u?
2
Suppose 3*l + 48 = 4*m + 9, 2*m + 21 = -3*l. Let z = -41 - -35. What are the prime factors of -1 - l - (3 + z)?
11
Suppose -3*t = 5*z - 34, -t - 2*t + 9 = 0. Suppose 2 = z*k + 12. List the prime factors of 2/((1 + k)*-1).
2
Let g(u) = 3*u - 1. Let a be g(6). Let p(w) = 5*w - 1. Let v(q) = 14*q - 4. Let j(x) = a*p(x) - 6*v(x). What are the prime factors of j(-3)?
2
Let m = 10 + -7. Suppose t = 13 + m. List the prime factors of t.
2
Let q = 15 + -23. Let x